f 118448512?
True
Does 9 divide 167165035?
False
Does 2207 divide 666127177?
False
Does 838 divide 60339352?
True
Is 1388385126 a multiple of 274?
True
Does 16 divide 1816773184?
True
Is 4734 a factor of 225790551?
False
Does 1610 divide 1849890?
True
Is 25805400 a multiple of 328?
True
Does 1172 divide 44819812?
False
Is 11211984 a multiple of 72?
True
Does 264 divide 32347700?
False
Does 301 divide 37498274?
False
Is 13 a factor of 131994629?
True
Does 3443 divide 340170472?
False
Is 887 a factor of 17700085?
True
Is 198940476 a multiple of 2044?
True
Is 2753 a factor of 189315551?
True
Does 162 divide 26671842?
True
Is 2578928394 a multiple of 1292?
False
Does 20 divide 19209260?
True
Is 320 a factor of 12970240?
True
Is 7990 a factor of 1258173389?
False
Does 5 divide 25855835?
True
Is 86764709 a multiple of 15?
False
Does 296 divide 5154842?
False
Is 48063850 a multiple of 1250?
False
Is 51264422 a multiple of 207?
False
Is 292 a factor of 709166821?
False
Is 35 a factor of 936925084?
False
Is 173165400 a multiple of 765?
True
Is 189538625 a multiple of 985?
True
Is 1021 a factor of 64746430?
False
Is 249854377 a multiple of 5560?
False
Is 22930351 a multiple of 6?
False
Does 16 divide 953042384?
True
Is 796 a factor of 761293573?
False
Is 22705331 a multiple of 13?
False
Is 9 a factor of 240451?
False
Is 52322710 a multiple of 2882?
True
Is 450845475 a multiple of 61?
False
Is 1331077167 a multiple of 171?
True
Is 427338632 a multiple of 6279?
False
Does 433 divide 24359133?
False
Does 531 divide 95100648?
False
Does 3409 divide 162619527?
True
Is 212862956 a multiple of 10?
False
Is 152 a factor of 17644021?
False
Does 1387 divide 1702833164?
False
Does 91 divide 22317079?
False
Is 30 a factor of 67122692?
False
Is 2178931458 a multiple of 363?
True
Is 8154 a factor of 19324980?
True
Does 4 divide 8970441?
False
Does 10 divide 50560236?
False
Does 118 divide 1476749782?
False
Is 165386773 a multiple of 354?
False
Does 108 divide 53443143?
False
Does 7245 divide 2298193695?
True
Is 738307247 a multiple of 7?
False
Is 979 a factor of 62718656?
True
Does 24 divide 8684328?
True
Is 82475930 a multiple of 435?
False
Does 20 divide 447572398?
False
Does 13 divide 1176489444?
True
Is 2790 a factor of 76512038?
False
Is 1088 a factor of 25984704?
True
Is 46 a factor of 446708254?
True
Is 693 a factor of 2733515145?
False
Is 426923760 a multiple of 1835?
True
Does 1029 divide 2046881655?
True
Does 27 divide 1829933343?
True
Is 48462274 a multiple of 95?
False
Is 61 a factor of 263738137?
False
Is 5798029298 a multiple of 127?
True
Is 19 a factor of 72119782?
True
Is 101353964 a multiple of 9?
False
Is 2012096640 a multiple of 480?
True
Is 48 a factor of 8556096?
True
Does 77 divide 79326940?
True
Does 9 divide 231020865?
True
Is 122366335 a multiple of 91?
True
Does 70 divide 60562788?
False
Is 48 a factor of 54302412?
False
Does 126 divide 6340545581?
False
Is 1616 a factor of 6539952?
True
Is 5871670 a multiple of 35?
True
Is 25245814 a multiple of 22?
True
Is 628746451 a multiple of 585?
False
Is 135888660 a multiple of 30?
True
Is 6 a factor of 52736088?
True
Does 107 divide 17545860?
True
Is 18191348 a multiple of 5?
False
Does 917 divide 5281285?
False
Does 394 divide 53490622?
True
Does 24 divide 11111184?
True
Does 987 divide 652439571?
True
Is 1082524528 a multiple of 11057?
True
Is 2402443590 a multiple of 11?
False
Is 29 a factor of 105436373?
True
Is 12896293 a multiple of 34?
False
Does 58 divide 22210850?
False
Does 80 divide 287649316?
False
Is 3 a factor of 2223063?
True
Does 36 divide 305555909?
False
Is 11 a factor of 5057173?
True
Is 170976400 a multiple of 16?
True
Does 3287 divide 99051225?
False
Does 253 divide 10472935?
True
Does 86 divide 5513739304?
False
Is 147605488 a multiple of 2731?
False
Is 906 a factor of 69027164?
False
Is 2308 a factor of 1074461704?
True
Does 31 divide 274139717?
False
Does 19 divide 88619820?
False
Does 1167 divide 1506790473?
False
Does 8 divide 13871600?
True
Is 3215 a factor of 33973374?
False
Does 198 divide 880859766?
False
Does 876 divide 61413131?
False
Is 21549885 a multiple of 20?
False
Is 83968717 a multiple of 29?
True
Is 99276903 a multiple of 11?
True
Is 955157742 a multiple of 77?
True
Does 508 divide 23561548?
True
Is 602256986 a multiple of 463?
False
Does 1171 divide 77693508?
True
Does 4 divide 136020168?
True
Is 71 a factor of 112570074?
True
Is 3812504404 a multiple of 332?
True
Is 12 a factor of 19374025?
False
Is 7 a factor of 100312093?
True
Is 1590 a factor of 484032542?
False
Is 12 a factor of 813766323?
False
Does 6 divide 949884?
True
Does 76 divide 767200?
False
Is 821986173 a multiple of 885?
False
Is 26142158 a multiple of 14?
True
Does 137 divide 72921675?
True
Is 21 a factor of 361150377?
True
Is 2195 a factor of 745501020?
True
Is 13 a factor of 8640157?
False
Is 52621530 a multiple of 2522?
True
Is 227 a factor of 113687956?
True
Does 180 divide 339781860?
True
Is 3628772 even?
True
Is 604 a factor of 673382773?
False
Is 111935131 a multiple of 11?
True
Is 505990 a multiple of 31?
False
Is 338296965 a multiple of 1095?
True
Is 425367282 a multiple of 6?
True
Is 108 a factor of 5093859?
False
Is 270 a factor of 15028200?
True
Is 68997708 a multiple of 3501?
True
Is 14 a factor of 10438605?
False
Does 93 divide 10741459?
False
Is 262319178 a multiple of 2838?
True
Does 9727 divide 1086929324?
False
Is 402 a factor of 540674813?
False
Is 4658442 a multiple of 4?
False
Is 367 a factor of 756332457?
False
Is 111563133 a multiple of 836?
False
Does 2 divide 5075684?
True
Is 603 a factor of 4222374?
False
Does 13 divide 1207322234?
False
Is 627351605 a multiple of 32?
False
Does 4550 divide 46610200?
True
Is 156 a factor of 138430032?
True
Does 1766 divide 3159577090?
True
Is 1080810693 a multiple of 6161?
False
Is 79 a factor of 170874432?
False
Does 252 divide 107368156?
False
Does 1833 divide 133675191?
True
Does 35 divide 66517255?
True
Is 3 a factor of 722553624?
True
Is 37593318 a multiple of 3092?
False
Does 594 divide 18542898?
True
Is 1591785912 a multiple of 12147?
False
Is 43371558 a multiple of 1061?
True
Is 86551871 a multiple of 35?
False
Is 19 a factor of 6993493?
False
Is 4569448295 a multiple of 3226?
False
Is 11 a factor of 675166437?
True
Does 1553 divide 1206006998?
True
Is 553 a factor of 14095754?
False
Does 22 divide 342697985?
False
Is 235736928 a multiple of 48?
True
Is 52477660 a multiple of 12?
False
Is 40397048 a multiple of 226?
True
Is 1651613538 a multiple of 7978?
True
Is 507468785 a multiple of 23?
False
Does 12 divide 51406596?
True
Is 130 a factor of 187855364?
False
Does 75 divide 9759900?
True
Is 41 a factor of 3828813?
False
Is 729 a factor of 5951396648?
False
Is 13656940 a multiple of 55?
True
Does 30 divide 2888580?
True
Is 3096 a factor of 1186634880?
True
Does 2196 divide 543846607?
False
Is 3 a factor of 188555306?
False
Does 505 divide 215344717?
False
Is 24030149 a multiple of 18?
False
Is 432564045 a multiple of 83?
True
Does 14 divide 37527042?
True
Is 1019 a factor of 50907106?
False
Is 21 a factor of 34297957?
False
Does 4 divide 13498574?
False
Is 44 a factor of 2482824124?
True
Is 110 a factor of 16401660?
True
Does 7 divide 12042905?
True
Is 34 a factor of 12984498?
True
Does 208 divide 6871280?
True
Does 16 divide 16772608?
True
Is 24 a factor of 859503450?
False
Is 12 a factor of 5001059233?
False
Does 11 divide 31921471?
False
Does 25 divide 26249494?
False
Is 9089 a factor of 3909724240?
True
Is 97 a factor of 53830708?
False
Is 92 a factor of 972414056?
True
Is 41 a factor of 138534443?
False
Is 268091355 a multiple of 542?
False
Is 204 a factor of 31422120?
True
Is 667400384 a multiple of 133?
True
Is 578 a factor of 130409826?
False
Is 20906285 a multiple of 719?
False
Does 6 divide 106998684?
True
Does 14 divide 179187344?
True
Does 168 divide 521398080?
True
Is 2587492461 a multiple of 3837?
True
Is 7 a factor of 31339328?
False
Is 39208561 a multiple of 210?
False
Is 170 a factor of 376392473?
False
Is 1756 a factor of 306111113?
False
Is 520735183 a multiple of 21?
False
Is 119 a factor of 289017442?
True
Does 32 divide 6316832?
True
Is 1185 a factor of 1127388?
False
Is 2045 a factor of 2416952780?